 = i - 3*t. Suppose 0 = -i*x + 565 - 175. What is the tens digit of x?
6
Let h = -12135 + 24670. What is the hundreds digit of h?
5
Let x(s) = 17*s**2 + 8*s - 4. Let k(b) = 6*b**2 + 3*b - 1. Let d(t) = -11*k(t) + 4*x(t). What is the tens digit of d(-16)?
2
Let j = -15901 - -26683. Suppose -3162 + j = 5*q. What is the units digit of q?
4
Let c(f) = 221*f - 651. What is the units digit of c(24)?
3
Let r be (-2)/7 - (-6)/21. Let l(m) = -5*m**2 - 4*m + 109. What is the units digit of l(r)?
9
Suppose 5*f + h = 1242, 3*f + h - 752 = -3*h. Let l = 115 - 111. Suppose -a + 52 = u + u, 5*a = -l*u + f. What is the units digit of a?
8
Let x(z) = 947*z**3 + 2*z**2 + 2*z - 9. Let u be x(2). Suppose 26*d - u = 13*d. What is the hundreds digit of d?
5
Suppose -163*z + 397590 = -998994. What is the hundreds digit of z?
5
Let z(q) be the first derivative of -164*q**3/3 + q**2 + 16*q + 29. Let a be z(-6). What is the tens digit of ((-4)/(-18) + a/(-180))/1?
3
Let u = 115 - -362. Suppose u - 27 = k. What is the units digit of k?
0
Suppose -5*b = -24 + 4. Suppose 2*c - 3*d - 6 - 12 = 0, 5*d = 2*c - 22. Suppose -b*n + c*n = 120. What is the tens digit of n?
6
Let j(i) = -i - 1. Let c be j(-2). Let h(d) = -244*d + 1218. Let s be h(5). What is the tens digit of ((s/(-4))/c)/((-36)/(-14112))?
9
Let a(r) = r**2 + 2*r - 89. Let t be a(0). Let b = t + 95. What is the tens digit of (-8)/b + 0 + 686/6?
1
Let w be 4/7*(6/4 + 2). Let d be (2781/9)/((-3)/w). Let q = d - -374. What is the hundreds digit of q?
1
Suppose i = 3*c + 1502, 0*i + c - 4456 = -3*i. Suppose -i = -8*s + 3609. Suppose 4*z + s = 3*q, 0 = -3*z - 10 - 2. What is the tens digit of q?
0
What is the ten thousands digit of 0 - (4 - 9594)*84/24?
3
Suppose t = -4*t + 20. Suppose -3*i - 2*i = -25. Suppose -2*k + i*g = -204, t*g + 319 = 5*k - 191. What is the tens digit of k?
0
What is the hundreds digit of (17 - 8/1 - -11332) + -3?
3
Let a be 2/4*(-8 + 12). Let j be a/((-5)/(-60)*4). Suppose -j*z + 12*z = 180. What is the tens digit of z?
3
Let r(z) = 68*z**2 - 244*z - 3454. What is the tens digit of r(-13)?
1
Let r = 303 + -246. Suppose -l + 896 = r. What is the tens digit of l?
3
Suppose -h - 4*h = 280. Let c = 58 + h. What is the units digit of -7*c/(-1) - 2?
2
Suppose 2*i - 155*u + 152*u = 55269, -5*i = 5*u - 138185. What is the units digit of i?
6
Let k(w) = 2*w**3 - 3*w**2 + 3*w - 2. Let s(r) = -r + 12. Let g be s(12). Suppose 8 = m - 3*l, -l - 6 = -2*m - g*l. What is the units digit of k(m)?
8
What is the hundreds digit of 74215*18/(-405)*(-29 - -11)?
3
Suppose 5*f = 5*y + 6*f - 20, 3*y - 3*f = -6. Suppose 2*p = 3*a - 833, 8*p - 6*p = -y*a + 829. What is the units digit of a?
7
Suppose 5*s + 525 = 520. What is the tens digit of 9339/21 + s + 16/56?
4
Let l(p) = -29 + p + 34 + 17*p**2 - p. Let j be l(5). Suppose 490 = 8*i - j. What is the units digit of i?
5
Let p(f) = 12*f - 9*f + 7 - 2*f. Let t be p(2). Suppose -t*u = -7*u - 188. What is the units digit of u?
4
Let g(s) be the second derivative of s**5/20 + 5*s**3/6 - 5*s**2/2 - s - 9. Suppose 5*m = 3*h - 26, 3*h = -3*m - 0 - 6. What is the tens digit of g(h)?
1
Suppose 61*o - 48261 = 58*o + 4*f, 32208 = 2*o + 3*f. What is the tens digit of o?
9
Let i(m) be the third derivative of m**5/6 - 3*m**4/4 - m**3/6 - 7*m**2 - 2. What is the tens digit of i(4)?
8
Let f(d) = -d**2 + 3*d + 4. Let z be f(3). Let c(i) = -i**3 + 5*i**2 - 4*i + 3. Let j be c(z). What is the tens digit of 38 - (-1 + -1 + j)?
3
Let z(h) = -3*h**3 + 3*h**2 + 9*h + 1341. Let g(d) = d**3 - d**2 - d. Let p(s) = 2*g(s) + z(s). What is the units digit of p(0)?
1
Suppose 13*o = 3*o + 12980. Suppose 4*t + 38 = o. Let a = t - 202. What is the tens digit of a?
1
Let w be (28/(-98))/((-1)/14). Let p(j) = -j**3 - 15*j**2 + 43*j - 16. Let r be p(-18). Let q = r - w. What is the hundreds digit of q?
1
Suppose -9*f - 15*c = -11*c - 171481, 3*f = -5*c + 57164. What is the hundreds digit of f?
0
Let s(c) = c**2 - 16*c + 60. Let v be s(11). Suppose 320 = v*r + 5*w, 4*w = -r + 5*r - 256. What is the tens digit of r?
6
Suppose n - 26623 = -2*s + 23083, -2*n - s + 99397 = 0. What is the hundreds digit of n?
6
Let z(k) be the second derivative of 3*k**5/20 - k**4/2 + k**3/2 + 6*k**2 - 32*k. Let s be z(5). Suppose f + f - s = 0. What is the units digit of f?
6
Let w(n) = -n**3 + n**2 + 12*n - 8. Let b = -117 - -118. Let l be 12/b*8/(-16). What is the hundreds digit of w(l)?
1
Suppose f + 16199 = 5*z - 28774, -4*f = 5*z - 45008. What is the hundreds digit of z?
9
Let v(k) = -25*k - 1. Let q(m) = m**3 - 2*m**2 - 8*m - 2. Let j be (-14)/(-4)*(-24)/(-21). Let c be q(j). What is the tens digit of v(c)?
4
Suppose -28*f - 24*f + 1029236 = 0. What is the tens digit of f?
9
Let m(s) = -3*s - 25. Let t be m(-9). Suppose -52 = -t*f + 250. What is the tens digit of f?
5
Suppose -27 = -2*y + 1021. Let h = y + -328. What is the hundreds digit of h?
1
Let l(k) be the third derivative of 8*k**5/15 - k**4/12 + 2*k**3/3 + 2*k**2 - 5*k. What is the hundreds digit of l(-3)?
2
Suppose -412*k + 415*k + 895 = 2*a, 0 = -3*a - k + 1337. What is the units digit of a?
6
Let m(j) = -2*j + 7. Let w be m(13). Let n(s) = -2*s - 37. Let f be n(w). Let u = 18 - f. What is the units digit of u?
7
Let c(r) = -2*r**2 - 28*r - 18. Let o be c(-12). Suppose -35*a = -o*a - 3045. What is the hundreds digit of a?
6
Let i = 4325 - -922. What is the units digit of i?
7
Let v = 13107 - 1470. What is the tens digit of v?
3
Let o = -5396 + 18813. What is the ten thousands digit of o?
1
Suppose -3*u = -3*m + 360, -5*m = 5*u - 749 + 189. Suppose -119*z + m*z + 1263 = 0. What is the tens digit of z?
2
Let u = -26895 - -52289. What is the hundreds digit of u?
3
Suppose 116539 + 1333749 = 196*p + 147868. What is the units digit of p?
5
Suppose 0*k - 3*k = 0. Let z = 329 + 7. Suppose -6*v + 0*v + z = k. What is the units digit of v?
6
Let l be 382*(1 - -2) + 9. Let a be ((-1)/(-2))/(6/108). Suppose l = 16*v - a*v. What is the hundreds digit of v?
1
Let h(j) = 10*j**3 + 26*j**2 - 113*j - 85. What is the thousands digit of h(19)?
5
Suppose q - 13*q = 10*q - 480018. What is the thousands digit of q?
1
Let g = -21074 + 32917. What is the hundreds digit of g?
8
Suppose 0 = -3*u - 608 - 556. Let s = u + 558. What is the units digit of s?
0
Let g = 3162 + 8556. What is the tens digit of g?
1
Suppose -3*g + 3*t = 3, 7*g - 4*g + 4*t + 31 = 0. Let z be -86*((-44)/(-8) + g). What is the units digit of -4*2/(-8) - (1 + z)?
3
Suppose 10 = -11*c + 9*c. Let q(x) = -x + 2. Let w be q(c). Suppose -275 = 2*k - w*k. What is the units digit of k?
5
Let o = -76 + 667. Suppose -4*m + 985 = -5*q, -4*m - o = 3*q - 7*m. Let y = q + 377. What is the units digit of y?
0
Let i = -33 - -63. Suppose -v = -i + 32. Let t(w) = -52*w + 6. What is the hundreds digit of t(v)?
1
Let a = 19 + -15. Suppose a*w = 673 - 17. Suppose w = 2*v - 56. What is the tens digit of v?
1
Let x = 212 - 380. Suppose -6*a - 1648 = 110. Let u = x - a. What is the tens digit of u?
2
Let v be ((-3)/15 - 24/80)*-1526. Suppose r + c - 255 = 0, -r - 2*r - 5*c + v = 0. What is the units digit of r?
6
Let l(b) = 3*b**2 - 61*b + 651. What is the hundreds digit of l(34)?
0
Suppose 6*q = -4*q + 90. Let c(i) = 5*i**2 - 11*i + 40. What is the units digit of c(q)?
6
Let c = 42934 + 8970. Suppose -2927 = -49*u + c. What is the tens digit of u?
1
Suppose 2*a = 55 + 3. Let r = a - 30. What is the hundreds digit of (4 - (-177)/(-1))/r?
1
Let j = 16 - 16. Let u be j*(-1)/(-2) + 728/7. Suppose -84 - u = -4*x. What is the tens digit of x?
4
Let n(x) = 1562*x**3 - 3*x**2 - 3*x + 4. What is the hundreds digit of n(1)?
5
Suppose 0 = m - 6*m - 5. Let s be 4 + m - (1 + -165). Let y = -88 + s. What is the tens digit of y?
7
Let f(w) = 890*w - 111. What is the units digit of f(4)?
9
Suppose 4*c - 7 = -3. Let k be (c + (2 - 28/12))*324. Suppose 3*b - k = -4*n, -54 = -n - 0*n + 3*b. What is the tens digit of n?
5
Suppose s + 10 = -3*x - 0, -s + 5*x + 6 = 0. Let r(i) = -22*i + 118. What is the tens digit of r(s)?
0
Let h(z) = 53*z**2 - 1196*z + 2. What is the tens digit of h(53)?
9
Suppose 22 + 247 = -o. Let h = -77 - o. What is the units digit of h?
2
Suppose -5*m + 10*m - 52583 = -3*a, -3*a - m + 52591 = 0. What is the tens digit of a?
3
Let 